{"id":1837,"date":"2022-08-11T18:03:27","date_gmt":"2022-08-11T18:03:27","guid":{"rendered":"https:\/\/cipalam.com.br\/historia-e-evolucao\/"},"modified":"2022-09-09T13:09:45","modified_gmt":"2022-09-09T13:09:45","slug":"historia-e-evolucao","status":"publish","type":"page","link":"https:\/\/cipalam.com.br\/en\/historia-e-evolucao\/","title":{"rendered":"Hist\u00f3ria e Evolu\u00e7\u00e3o (modelo)"},"content":{"rendered":"\t\t<div data-elementor-type=\"wp-page\" data-elementor-id=\"1837\" class=\"elementor elementor-1837 elementor-567\" data-elementor-post-type=\"page\">\n\t\t\t\t<div class=\"elementor-element elementor-element-c6a58dc e-con-full e-flex e-con e-parent\" data-id=\"c6a58dc\" data-element_type=\"container\" data-e-type=\"container\">\n\t\t<div class=\"elementor-element elementor-element-2dc2b97 e-con-full e-flex e-con e-parent\" data-id=\"2dc2b97\" data-element_type=\"container\" data-e-type=\"container\">\n\t\t\t\t<div class=\"elementor-element elementor-element-a316441 banner-lado elementor-widget elementor-widget-jet-carousel\" data-id=\"a316441\" data-element_type=\"widget\" data-e-type=\"widget\" data-settings=\"{&quot;slides_to_show&quot;:&quot;1&quot;,&quot;slides_to_scroll&quot;:&quot;1&quot;}\" data-widget_type=\"jet-carousel.default\">\n\t\t\t\t<div class=\"elementor-widget-container\">\n\t\t\t\t\t<div class=\"elementor-jet-carousel jet-elements\"><div class=\"jet-carousel-wrap\">\n\t<div class=\"jet-carousel\" data-slider_options=\"{&quot;autoplaySpeed&quot;:5000,&quot;autoplay&quot;:false,&quot;infinite&quot;:true,&quot;centerMode&quot;:false,&quot;centerPadding&quot;:&quot;50px&quot;,&quot;pauseOnHover&quot;:false,&quot;speed&quot;:500,&quot;arrows&quot;:true,&quot;dots&quot;:false,&quot;variableWidth&quot;:false,&quot;prevArrow&quot;:&quot;.jet-carousel__prev-arrow-a316441&quot;,&quot;nextArrow&quot;:&quot;.jet-carousel__next-arrow-a316441&quot;,&quot;rtl&quot;:false,&quot;fractionNav&quot;:false,&quot;fade&quot;:false}\" dir=\"ltr\">\n\t<div class=\"elementor-slick-slider\">\n\n<div class=\"jet-carousel__item\">\n\t<div class=\"jet-carousel__item-inner\"><a href=\"#\" class=\"jet-carousel__item-link\" ><img decoding=\"async\" src=\"https:\/\/cmmg.local\/wp-content\/uploads\/2022\/08\/postagem-4-scaled.jpg\" class=\"jet-carousel__item-img\" alt=\"postagem-4\" loading=\"lazy\"><\/a><div class=\"jet-carousel__content\"><\/div><\/div>\n<\/div>\n\n<div class=\"jet-carousel__item\">\n\t<div class=\"jet-carousel__item-inner\"><a href=\"#\" class=\"jet-carousel__item-link\" ><img decoding=\"async\" src=\"https:\/\/cmmg.local\/wp-content\/uploads\/2022\/08\/postagem-4-scaled.jpg\" class=\"jet-carousel__item-img\" alt=\"postagem-4\" loading=\"lazy\"><\/a><div class=\"jet-carousel__content\"><\/div><\/div>\n<\/div>\n\n<div class=\"jet-carousel__item\">\n\t<div class=\"jet-carousel__item-inner\"><a href=\"#\" class=\"jet-carousel__item-link\" ><img decoding=\"async\" src=\"https:\/\/cmmg.local\/wp-content\/uploads\/2022\/08\/postagem-4-scaled.jpg\" class=\"jet-carousel__item-img\" alt=\"postagem-4\" loading=\"lazy\"><\/a><div class=\"jet-carousel__content\"><\/div><\/div>\n<\/div>\n<\/div><div class=\"jet-carousel__prev-arrow-a316441 jet-arrow prev-arrow\"><i aria-hidden=\"true\" class=\"fas fa-chevron-left\"><\/i><\/div><div class=\"jet-carousel__next-arrow-a316441 jet-arrow next-arrow\"><i aria-hidden=\"true\" class=\"fas fa-chevron-right\"><\/i><\/div><\/div>\n<\/div>\n<\/div>\t\t\t\t<\/div>\n\t\t\t\t<\/div>\n\t\t\t\t<\/div>\n\t\t<div class=\"elementor-element elementor-element-d7db98b e-con-full e-flex e-con e-parent\" data-id=\"d7db98b\" data-element_type=\"container\" data-e-type=\"container\" data-settings=\"{&quot;background_background&quot;:&quot;classic&quot;}\">\n\t\t<div class=\"elementor-element elementor-element-75343c0 e-flex e-con-boxed e-con e-parent\" data-id=\"75343c0\" data-element_type=\"container\" data-e-type=\"container\">\n\t\t\t\t\t<div class=\"e-con-inner\">\n\t\t\t\t<div class=\"elementor-element elementor-element-d3e87ce elementor-widget elementor-widget-image-box\" data-id=\"d3e87ce\" data-element_type=\"widget\" data-e-type=\"widget\" data-widget_type=\"image-box.default\">\n\t\t\t\t<div class=\"elementor-widget-container\">\n\t\t\t\t\t<div class=\"elementor-image-box-wrapper\"><div class=\"elementor-image-box-content\"><h3 class=\"elementor-image-box-title\">Isto \u00e9 o t\u00edtulo<\/h3><p class=\"elementor-image-box-description\">Lorem ipsum dolor sit <\/p><\/div><\/div>\t\t\t\t<\/div>\n\t\t\t\t<\/div>\n\t\t\t\t<div class=\"elementor-element elementor-element-342d612 texto-scroll elementor-widget elementor-widget-text-editor\" data-id=\"342d612\" data-element_type=\"widget\" data-e-type=\"widget\" data-widget_type=\"text-editor.default\">\n\t\t\t\t<div class=\"elementor-widget-container\">\n\t\t\t\t\t\t\t\t\t<p>A Faculdade Ci\u00eancias M\u00e9dicas de Minas Gerais (FCM-MG) surgiu de um grupo de m\u00e9dicos, tamb\u00e9m professores, livres docentes e assistentes da Faculdade de Medicina da Universidade Federal de Minas Gerais. A motiva\u00e7\u00e3o subjacente ao projeto para sua funda\u00e7\u00e3o era a defici\u00eancia de m\u00e9dicos no Brasil, e em especial no estado de Minas Gerais.<\/p><p>Particularmente em Minas Gerais havia mais de tr\u00eas centenas de munic\u00edpios sem qualquer assist\u00eancia m\u00e9dica ensejando a reprodu\u00e7\u00e3o de condi\u00e7\u00f5es prec\u00e1rias da grande maioria da popula\u00e7\u00e3o mineira. Ainda, a insufici\u00eancia de vagas ofertadas pela Universidade Federal em Minas, afastando promissores profissionais do exerc\u00edcio da fun\u00e7\u00e3o m\u00e9dica e, n\u00e3o menos importante, havia a necessidade de proporcionar aos jovens estudantes uma s\u00f3lida forma\u00e7\u00e3o moral e \u00e9tica, fundamental ao exerc\u00edcio das atividades no dom\u00ednio da sa\u00fade.<\/p><p>Realizadas as provid\u00eancias protocolares e jur\u00eddicas indispens\u00e1veis, no dia 7 de novembro de 1950, por solicita\u00e7\u00e3o do primeiro Diretor, Prof. Lucas Monteiro Machado, dirigida ao ent\u00e3o Ministro de Educa\u00e7\u00e3o e Sa\u00fade, amparada pelo Decreto n\u00ba 421, de 11 de maio de 1938, alterado pelo Decreto de n\u00ba 2.076, de 8 de mar\u00e7o de 1940, pleiteava que fosse concedida \u00e0 FCM-MG a licen\u00e7a para funcionar regularmente. Submetida \u00e0 avalia\u00e7\u00e3o de suas condi\u00e7\u00f5es levada \u00e0 aprecia\u00e7\u00e3o da Diretoria do Ensino Superior, o Conselho Nacional de Educa\u00e7\u00e3o, em sess\u00e3o datada de 22 de janeiro de 1951, aprovou por unanimidade o parecer do Conselheiro relator, concedendo a licen\u00e7a para o funcionamento da Faculdade. Por fim, o Presidente da Rep\u00fablica baixou o Decreto-Lei n\u00ba 29.242, de 30 de janeiro de 1951, que credenciou a Institui\u00e7\u00e3o.<\/p><p>Iniciadas as atividades formativas, em 28 de abril de 1955, por meio do Decreto-Lei n\u00ba 37.269, da lavra do Exmo. Presidente da Rep\u00fablica, o curso de Medicina foi reconhecido e equiparado aos seus cong\u00eaneres do pa\u00eds.<\/p><p>A FCM-MG tem sua hist\u00f3ria marcada por forte compromisso com os ideais de seus fundadores e, por essa raz\u00e3o, mant\u00e9m desde sua funda\u00e7\u00e3o o prop\u00f3sito de uma forma\u00e7\u00e3o de excel\u00eancia, a preocupa\u00e7\u00e3o profunda com a \u00e9tica alicer\u00e7ada em princ\u00edpios de racionalidade, reciprocidade dos valores e justi\u00e7a, novamente refor\u00e7ados no Projeto Pedag\u00f3gico Institucional (PPI).<\/p>\t\t\t\t\t\t\t\t<\/div>\n\t\t\t\t<\/div>\n\t\t\t\t\t<\/div>\n\t\t\t\t<\/div>\n\t\t\t\t<\/div>\n\t\t\t\t<\/div>\n\t\t<div class=\"elementor-element elementor-element-683ab45 e-flex e-con-boxed e-con e-parent\" data-id=\"683ab45\" data-element_type=\"container\" data-e-type=\"container\">\n\t\t\t\t\t<div class=\"e-con-inner\">\n\t\t\t\t<div class=\"elementor-element elementor-element-b7aa45b elementor-widget elementor-widget-image-box\" data-id=\"b7aa45b\" data-element_type=\"widget\" data-e-type=\"widget\" data-widget_type=\"image-box.default\">\n\t\t\t\t<div class=\"elementor-widget-container\">\n\t\t\t\t\t<div class=\"elementor-image-box-wrapper\"><div class=\"elementor-image-box-content\"><h3 class=\"elementor-image-box-title\">Isto \u00e9 o t\u00edtulo<\/h3><p class=\"elementor-image-box-description\">Lorem ipsum dolor sit <\/p><\/div><\/div>\t\t\t\t<\/div>\n\t\t\t\t<\/div>\n\t\t\t\t<div class=\"elementor-element elementor-element-c460b3a elementor-widget elementor-widget-template\" data-id=\"c460b3a\" data-element_type=\"widget\" data-e-type=\"widget\" data-widget_type=\"template.default\">\n\t\t\t\t<div class=\"elementor-widget-container\">\n\t\t\t\t\t\t\t<div class=\"elementor-template\">\n\t\t\t\t\t<div data-elementor-type=\"page\" data-elementor-id=\"605\" class=\"elementor elementor-605\" data-elementor-post-type=\"elementor_library\">\n\t\t\t\t<div class=\"elementor-element elementor-element-e213b1c e-flex e-con-boxed e-con e-parent\" data-id=\"e213b1c\" data-element_type=\"container\" data-e-type=\"container\">\n\t\t\t\t\t<div class=\"e-con-inner\">\n\t\t<div class=\"elementor-element elementor-element-9ee67ed e-con-full e-flex e-con e-parent\" data-id=\"9ee67ed\" data-element_type=\"container\" data-e-type=\"container\">\n\t\t\t\t<div class=\"elementor-element elementor-element-43adb67 elementor-widget elementor-widget-shortcode\" data-id=\"43adb67\" data-element_type=\"widget\" data-e-type=\"widget\" data-widget_type=\"shortcode.default\">\n\t\t\t\t<div class=\"elementor-widget-container\">\n\t\t\t\t\t\t\t<div class=\"elementor-shortcode\">[timeline]<\/div>\n\t\t\t\t\t\t<\/div>\n\t\t\t\t<\/div>\n\t\t\t\t<\/div>\n\t\t\t\t\t<\/div>\n\t\t\t\t<\/div>\n\t\t\t\t<\/div>\n\t\t\t\t<\/div>\n\t\t\t\t\t\t<\/div>\n\t\t\t\t<\/div>\n\t\t\t\t\t<\/div>\n\t\t\t\t<\/div>\n\t\t\t\t<\/div>\n\t\t","protected":false},"excerpt":{"rendered":"<p>Isto \u00e9 o t\u00edtulo Lorem ipsum dolor sit A Faculdade Ci\u00eancias M\u00e9dicas de Minas Gerais (FCM-MG) surgiu de um grupo de m\u00e9dicos, tamb\u00e9m professores, livres docentes e assistentes da Faculdade de Medicina da Universidade Federal de Minas Gerais. A motiva\u00e7\u00e3o subjacente ao projeto para sua funda\u00e7\u00e3o era a defici\u00eancia de m\u00e9dicos no Brasil, e em [&hellip;]<\/p>\n","protected":false},"author":1,"featured_media":0,"parent":0,"menu_order":0,"comment_status":"closed","ping_status":"closed","template":"","meta":{"_acf_changed":false,"site-sidebar-layout":"no-sidebar","site-content-layout":"page-builder","ast-site-content-layout":"default","site-content-style":"default","site-sidebar-style":"default","ast-global-header-display":"","ast-banner-title-visibility":"","ast-main-header-display":"","ast-hfb-above-header-display":"","ast-hfb-below-header-display":"","ast-hfb-mobile-header-display":"","site-post-title":"disabled","ast-breadcrumbs-content":"","ast-featured-img":"disabled","footer-sml-layout":"","ast-disable-related-posts":"","theme-transparent-header-meta":"default","adv-header-id-meta":"","stick-header-meta":"","header-above-stick-meta":"","header-main-stick-meta":"","header-below-stick-meta":"","astra-migrate-meta-layouts":"default","ast-page-background-enabled":"default","ast-page-background-meta":{"desktop":{"background-color":"var(--ast-global-color-4)","background-image":"","background-repeat":"repeat","background-position":"center center","background-size":"auto","background-attachment":"scroll","background-type":"","background-media":"","overlay-type":"","overlay-color":"","overlay-opacity":"","overlay-gradient":""},"tablet":{"background-color":"","background-image":"","background-repeat":"repeat","background-position":"center center","background-size":"auto","background-attachment":"scroll","background-type":"","background-media":"","overlay-type":"","overlay-color":"","overlay-opacity":"","overlay-gradient":""},"mobile":{"background-color":"","background-image":"","background-repeat":"repeat","background-position":"center center","background-size":"auto","background-attachment":"scroll","background-type":"","background-media":"","overlay-type":"","overlay-color":"","overlay-opacity":"","overlay-gradient":""}},"ast-content-background-meta":{"desktop":{"background-color":"var(--ast-global-color-5)","background-image":"","background-repeat":"repeat","background-position":"center center","background-size":"auto","background-attachment":"scroll","background-type":"","background-media":"","overlay-type":"","overlay-color":"","overlay-opacity":"","overlay-gradient":""},"tablet":{"background-color":"var(--ast-global-color-5)","background-image":"","background-repeat":"repeat","background-position":"center center","background-size":"auto","background-attachment":"scroll","background-type":"","background-media":"","overlay-type":"","overlay-color":"","overlay-opacity":"","overlay-gradient":""},"mobile":{"background-color":"var(--ast-global-color-5)","background-image":"","background-repeat":"repeat","background-position":"center center","background-size":"auto","background-attachment":"scroll","background-type":"","background-media":"","overlay-type":"","overlay-color":"","overlay-opacity":"","overlay-gradient":""}},"footnotes":""},"class_list":["post-1837","page","type-page","status-publish","hentry"],"acf":[],"_links":{"self":[{"href":"https:\/\/cipalam.com.br\/en\/wp-json\/wp\/v2\/pages\/1837","targetHints":{"allow":["GET"]}}],"collection":[{"href":"https:\/\/cipalam.com.br\/en\/wp-json\/wp\/v2\/pages"}],"about":[{"href":"https:\/\/cipalam.com.br\/en\/wp-json\/wp\/v2\/types\/page"}],"author":[{"embeddable":true,"href":"https:\/\/cipalam.com.br\/en\/wp-json\/wp\/v2\/users\/1"}],"replies":[{"embeddable":true,"href":"https:\/\/cipalam.com.br\/en\/wp-json\/wp\/v2\/comments?post=1837"}],"version-history":[{"count":0,"href":"https:\/\/cipalam.com.br\/en\/wp-json\/wp\/v2\/pages\/1837\/revisions"}],"wp:attachment":[{"href":"https:\/\/cipalam.com.br\/en\/wp-json\/wp\/v2\/media?parent=1837"}],"curies":[{"name":"wp","href":"https:\/\/api.w.org\/{rel}","templated":true}]}}

História e Evolução (modelo)

<div data-elementor-type="wp-page" data-elementor-id="1837" class="elementor elementor-1837 elementor-567" data-elementor-post-type="page">
				<div class="elementor-element elementor-element-c6a58dc e-con-full e-flex e-con e-parent" data-id="c6a58dc" data-element_type="container" data-e-type="container">
		<div class="elementor-element elementor-element-2dc2b97 e-con-full e-flex e-con e-parent" data-id="2dc2b97" data-element_type="container" data-e-type="container">
				<div class="elementor-element elementor-element-a316441 banner-lado elementor-widget elementor-widget-jet-carousel" data-id="a316441" data-element_type="widget" data-e-type="widget" data-settings="{&quot;slides_to_show&quot;:&quot;1&quot;,&quot;slides_to_scroll&quot;:&quot;1&quot;}" data-widget_type="jet-carousel.default">
				<div class="elementor-widget-container">
					<div class="elementor-jet-carousel jet-elements"><div class="jet-carousel-wrap">
	<div class="jet-carousel" data-slider_options="{&quot;autoplaySpeed&quot;:5000,&quot;autoplay&quot;:false,&quot;infinite&quot;:true,&quot;centerMode&quot;:false,&quot;centerPadding&quot;:&quot;50px&quot;,&quot;pauseOnHover&quot;:false,&quot;speed&quot;:500,&quot;arrows&quot;:true,&quot;dots&quot;:false,&quot;variableWidth&quot;:false,&quot;prevArrow&quot;:&quot;.jet-carousel__prev-arrow-a316441&quot;,&quot;nextArrow&quot;:&quot;.jet-carousel__next-arrow-a316441&quot;,&quot;rtl&quot;:false,&quot;fractionNav&quot;:false,&quot;fade&quot;:false}" dir="ltr">
	<div class="elementor-slick-slider">

<div class="jet-carousel__item">
	<div class="jet-carousel__item-inner"><a href="#" class="jet-carousel__item-link" ><img decoding="async" src="https://cmmg.local/wp-content/uploads/2022/08/postagem-4-scaled.jpg" class="jet-carousel__item-img" alt="postagem-4" loading="lazy"></a><div class="jet-carousel__content"></div></div>
</div>

<div class="jet-carousel__item">
	<div class="jet-carousel__item-inner"><a href="#" class="jet-carousel__item-link" ><img decoding="async" src="https://cmmg.local/wp-content/uploads/2022/08/postagem-4-scaled.jpg" class="jet-carousel__item-img" alt="postagem-4" loading="lazy"></a><div class="jet-carousel__content"></div></div>
</div>

<div class="jet-carousel__item">
	<div class="jet-carousel__item-inner"><a href="#" class="jet-carousel__item-link" ><img decoding="async" src="https://cmmg.local/wp-content/uploads/2022/08/postagem-4-scaled.jpg" class="jet-carousel__item-img" alt="postagem-4" loading="lazy"></a><div class="jet-carousel__content"></div></div>
</div>
</div><div class="jet-carousel__prev-arrow-a316441 jet-arrow prev-arrow"><i aria-hidden="true" class="fas fa-chevron-left"></i></div><div class="jet-carousel__next-arrow-a316441 jet-arrow next-arrow"><i aria-hidden="true" class="fas fa-chevron-right"></i></div></div>
</div>
</div>				</div>
				</div>
				</div>
		<div class="elementor-element elementor-element-d7db98b e-con-full e-flex e-con e-parent" data-id="d7db98b" data-element_type="container" data-e-type="container" data-settings="{&quot;background_background&quot;:&quot;classic&quot;}">
		<div class="elementor-element elementor-element-75343c0 e-flex e-con-boxed e-con e-parent" data-id="75343c0" data-element_type="container" data-e-type="container">
					<div class="e-con-inner">
				<div class="elementor-element elementor-element-d3e87ce elementor-widget elementor-widget-image-box" data-id="d3e87ce" data-element_type="widget" data-e-type="widget" data-widget_type="image-box.default">
				<div class="elementor-widget-container">
					<div class="elementor-image-box-wrapper"><div class="elementor-image-box-content"><h3 class="elementor-image-box-title">Isto é o título</h3><p class="elementor-image-box-description">Lorem ipsum dolor sit </p></div></div>				</div>
				</div>
				<div class="elementor-element elementor-element-342d612 texto-scroll elementor-widget elementor-widget-text-editor" data-id="342d612" data-element_type="widget" data-e-type="widget" data-widget_type="text-editor.default">
				<div class="elementor-widget-container">
									<p>A Faculdade Ciências Médicas de Minas Gerais (FCM-MG) surgiu de um grupo de médicos, também professores, livres docentes e assistentes da Faculdade de Medicina da Universidade Federal de Minas Gerais. A motivação subjacente ao projeto para sua fundação era a deficiência de médicos no Brasil, e em especial no estado de Minas Gerais.</p><p>Particularmente em Minas Gerais havia mais de três centenas de municípios sem qualquer assistência médica ensejando a reprodução de condições precárias da grande maioria da população mineira. Ainda, a insuficiência de vagas ofertadas pela Universidade Federal em Minas, afastando promissores profissionais do exercício da função médica e, não menos importante, havia a necessidade de proporcionar aos jovens estudantes uma sólida formação moral e ética, fundamental ao exercício das atividades no domínio da saúde.</p><p>Realizadas as providências protocolares e jurídicas indispensáveis, no dia 7 de novembro de 1950, por solicitação do primeiro Diretor, Prof. Lucas Monteiro Machado, dirigida ao então Ministro de Educação e Saúde, amparada pelo Decreto nº 421, de 11 de maio de 1938, alterado pelo Decreto de nº 2.076, de 8 de março de 1940, pleiteava que fosse concedida à FCM-MG a licença para funcionar regularmente. Submetida à avaliação de suas condições levada à apreciação da Diretoria do Ensino Superior, o Conselho Nacional de Educação, em sessão datada de 22 de janeiro de 1951, aprovou por unanimidade o parecer do Conselheiro relator, concedendo a licença para o funcionamento da Faculdade. Por fim, o Presidente da República baixou o Decreto-Lei nº 29.242, de 30 de janeiro de 1951, que credenciou a Instituição.</p><p>Iniciadas as atividades formativas, em 28 de abril de 1955, por meio do Decreto-Lei nº 37.269, da lavra do Exmo. Presidente da República, o curso de Medicina foi reconhecido e equiparado aos seus congêneres do país.</p><p>A FCM-MG tem sua história marcada por forte compromisso com os ideais de seus fundadores e, por essa razão, mantém desde sua fundação o propósito de uma formação de excelência, a preocupação profunda com a ética alicerçada em princípios de racionalidade, reciprocidade dos valores e justiça, novamente reforçados no Projeto Pedagógico Institucional (PPI).</p>								</div>
				</div>
					</div>
				</div>
				</div>
				</div>
		<div class="elementor-element elementor-element-683ab45 e-flex e-con-boxed e-con e-parent" data-id="683ab45" data-element_type="container" data-e-type="container">
					<div class="e-con-inner">
				<div class="elementor-element elementor-element-b7aa45b elementor-widget elementor-widget-image-box" data-id="b7aa45b" data-element_type="widget" data-e-type="widget" data-widget_type="image-box.default">
				<div class="elementor-widget-container">
					<div class="elementor-image-box-wrapper"><div class="elementor-image-box-content"><h3 class="elementor-image-box-title">Isto é o título</h3><p class="elementor-image-box-description">Lorem ipsum dolor sit </p></div></div>				</div>
				</div>
				<div class="elementor-element elementor-element-c460b3a elementor-widget elementor-widget-template" data-id="c460b3a" data-element_type="widget" data-e-type="widget" data-widget_type="template.default">
				<div class="elementor-widget-container">
							<div class="elementor-template">
					<div data-elementor-type="page" data-elementor-id="605" class="elementor elementor-605" data-elementor-post-type="elementor_library">
				<div class="elementor-element elementor-element-e213b1c e-flex e-con-boxed e-con e-parent" data-id="e213b1c" data-element_type="container" data-e-type="container">
					<div class="e-con-inner">
		<div class="elementor-element elementor-element-9ee67ed e-con-full e-flex e-con e-parent" data-id="9ee67ed" data-element_type="container" data-e-type="container">
				<div class="elementor-element elementor-element-43adb67 elementor-widget elementor-widget-shortcode" data-id="43adb67" data-element_type="widget" data-e-type="widget" data-widget_type="shortcode.default">
				<div class="elementor-widget-container">
							<div class="elementor-shortcode">[timeline]</div>
						</div>
				</div>
				</div>
					</div>
				</div>
				</div>
				</div>
						</div>
				</div>
					</div>
				</div>
				</div>

<p>Isto é o título Lorem ipsum dolor sit A Faculdade Ciências Médicas de Minas Gerais (FCM-MG) surgiu de um grupo de médicos, também professores, livres docentes e assistentes da Faculdade de Medicina da Universidade Federal de Minas Gerais. A motivação subjacente ao projeto para sua fundação era a deficiência de médicos no Brasil, e em [&hellip;]</p>
